 of 91 and h.
13
Let n be ((-14)/4)/(9/6 - 2). Suppose -6*w + n*w = 110. What is the greatest common divisor of w and 22?
22
Let o be 1/(-9) - 168/(-54). Suppose 102 = 3*x - 30. Suppose o*g - x = -8. Calculate the greatest common divisor of 12 and g.
12
Let f(j) = -8*j - 240. Let c be f(-35). Calculate the highest common factor of c and 1280.
40
Let g be 27 + (1 + 0 + 2 - 4). What is the highest common divisor of 234 and g?
26
Let u = 2 + 37. Suppose -5*m + 38 = a, -a + 52 - 34 = m. What is the greatest common divisor of u and a?
13
Let l = 1033 + -868. Calculate the highest common divisor of l and 33.
33
Let g(c) = -c**2 + 2*c**2 + 30 - 4*c + 3*c. Let v be g(0). Suppose 3*m = v + 78. What is the greatest common divisor of m and 12?
12
Suppose 9*x = 4*x + 35. Let u(i) = i + 9. Let a be u(x). What is the highest common divisor of a and 8?
8
Let r(z) = -2*z + 25. Let g be r(2). Calculate the highest common divisor of g and 483.
21
Let x = -183 - -400. What is the greatest common divisor of x and 7?
7
Let t = -176 - 38. Let m = -95 - t. Let u = 27 - 10. What is the greatest common factor of u and m?
17
Suppose 0 = -i + 5*f + 16, 5*i - 10 = i + 2*f. Suppose -t - i = -41. Let l be 1*(-16)/(-6)*3. What is the highest common factor of t and l?
8
Let o(p) = 4*p**3 + 35*p**2 - 12*p + 1. Let g be o(-9). What is the highest common factor of 532 and g?
28
Let c = 242 - 122. Let z(l) = 9*l**2 - 4*l + 5 - 5 + l. Let d be z(2). What is the greatest common factor of c and d?
30
Suppose 2*t = 3 + 3. Let q(m) = 7*m - 3*m**t + 0 - m**2 + 3 - 3*m**2 + 2*m**3. Let j be q(-6). Calculate the highest common factor of 11 and j.
11
Suppose 45*j = 43*j + 24. Suppose c + 3*c = 480. What is the highest common factor of c and j?
12
Let a be 9*(-3)/(-18)*34. Suppose -16 = h + 5*b, -7*h + 3*h = -b + 22. Let i be 1/h - 205/(-6). Calculate the highest common divisor of i and a.
17
Suppose 441*m - 447*m = -486. Calculate the greatest common factor of 216 and m.
27
Suppose -2*h = -4 - 4. Suppose -h = -2*o + 4*o, 3*y - 639 = -3*o. Calculate the highest common factor of y and 43.
43
Let o(d) = -d**3 + d**2 + 7*d + 5. Let s be o(7). Let j be (9*(-1)/(-2))/((-24)/s). Suppose -k = k - 30. Calculate the greatest common divisor of k and j.
15
Suppose -3*s - 105 = -8*s. Let i be s - (-16)/4 - 3. Calculate the highest common divisor of 66 and i.
22
Let r = 179 - 164. What is the highest common divisor of 90 and r?
15
Let s(q) = q**2 + 5*q + 5. Let u be s(-5). Suppose v + 144 = u*v. Suppose v = 5*y - 2*z - z, 4 = -2*z. What is the highest common factor of 12 and y?
6
Let k be (-126)/105*(-2 - 2201/2). Calculate the greatest common factor of 27 and k.
27
Suppose -n - 2*n = -9. Suppose 0*m - 162 = -n*m. Suppose 2*v - 24 = -2*l, -14 = -5*v - 3*l + m. What is the greatest common divisor of v and 24?
8
Let j(i) be the second derivative of 4*i - 1/20*i**5 - 1/2*i**3 - 1/12*i**4 - i**2 + 0. Let p be j(-2). What is the greatest common divisor of p and 4?
4
Let u be (-2)/(-7) + (-52)/(-14). Let l = 20 + u. What is the highest common divisor of l and 120?
24
Suppose 3*b + 15*b = 3168. What is the greatest common factor of b and 11?
11
Suppose -p + 34 = -2*t, -2*p + 44 = -0*p + 2*t. Let b = 226 + -122. Calculate the highest common factor of p and b.
26
Let q = -1695 - -1779. What is the greatest common divisor of q and 63?
21
Suppose 5*j = 43*l - 47*l + 88, 4*l = -4*j + 88. Let i(q) = 54*q**2 + 2*q - 1. Let d be i(1). What is the highest common factor of l and d?
11
Suppose 3*n - 761 = 5*i, -9*n + 502 = -7*n + 2*i. Calculate the greatest common divisor of n and 72.
36
Let j be (-40)/(-15)*4191/22. What is the greatest common factor of 381 and j?
127
Suppose 2 = 4*q - 6. Suppose -q*b + 10*b - 120 = 0. What is the greatest common factor of b and 120?
15
Let o be (16/(-20))/(6/(-1275)). Suppose -3*t - o = -5*p, -p + 26 = 2*t + 5. Calculate the greatest common divisor of 93 and p.
31
Let n be 2 - 0 - (-162 + 2). Let d be -2*1*2/2. Let b be (-2)/(((-6)/(-27))/d). Calculate the greatest common factor of n and b.
18
Let l(f) = f**3 - 3*f**2 + 2*f - 2. Suppose 6*c - 5*r = 3*c - 4, 2*r = 10. Suppose -5 - c = -4*b. Let o be l(b). Calculate the highest common factor of 8 and o.
4
Let x be 0*3/18 + 45. What is the greatest common factor of 540 and x?
45
Suppose -52 = -x - 11. Suppose -11 = 2*l - x. Calculate the highest common divisor of 15 and l.
15
Let t = 883 - 351. What is the greatest common divisor of 228 and t?
76
Let h be 672/6*((-60)/(-16))/3. What is the greatest common factor of h and 245?
35
Let s = -144 + 146. Suppose -s*n - 22 + 92 = 0. Calculate the greatest common factor of n and 140.
35
Let j(q) = -q**3 - 12*q**2 + q + 6. Let k be j(-12). Let p be (15/k)/(1/(-10)). Let y = p + -5. What is the highest common factor of 60 and y?
20
Let v = -230 + 335. What is the highest common divisor of 21 and v?
21
Let n(y) = -3*y**2 + 3*y**2 + 5*y**2 - 3*y + y - 4. Let o be n(-2). Calculate the greatest common factor of 8 and o.
4
Suppose 46*j - 2720 = 12*j. What is the highest common factor of 3040 and j?
80
Let t = -724 + 1028. Calculate the highest common factor of t and 64.
16
Let d(g) = -g**2 + 7*g - 6. Let a be d(6). Suppose -5*c - c + 36 = a. Let r = 2 - -2. What is the highest common divisor of c and r?
2
Let i = 254 + -359. Let g be i/(-20) - 2/8. Suppose g*v - 135 = 85. What is the highest common factor of 4 and v?
4
Let s be (266/21)/(2/6) - 4. What is the highest common divisor of 289 and s?
17
Let m = 21 + -16. Suppose -m*u - 2*u + 560 = 0. What is the highest common divisor of u and 16?
16
Suppose -2*c + 2*n + 2 = -6, 3*n + 3 = 0. Let a be ((-4)/c)/((-1)/15). Let g be (-1)/((-11)/438) - (-14)/77. Calculate the greatest common factor of g and a.
20
Suppose -2*f - 5*w + 279 = 0, 8*w - 9*w - 461 = -3*f. Calculate the highest common factor of f and 380.
76
Suppose 132*j = 128*j. Suppose -4*o - n = -105, j = 6*o - 5*o - 3*n - 36. What is the highest common divisor of 243 and o?
27
Let m be (-14 - -1)/(-1 - (-5 + 3)). Let p = m + 25. Calculate the greatest common divisor of p and 30.
6
Suppose 1226 - 50 = 7*f. Calculate the highest common divisor of f and 21.
21
Suppose 4*v = 3*v + 370. Suppose -4*t + 5*k = -v, k + 0*k + 378 = 4*t. Calculate the greatest common divisor of 38 and t.
19
Let o(z) = -z**3 + 21*z**2 + 5*z + 21. Let s be o(21). Suppose -4*l = 2*l - s. Calculate the highest common divisor of 7 and l.
7
Suppose d - 97 = -4*o, -9*o - 3*d = -10*o + 21. Let f = -11 - -35. Calculate the highest common divisor of f and o.
24
Let c = 752 - 382. Calculate the highest common factor of c and 74.
74
Suppose -84 = 12*o - 16*o. Suppose 0 = o*r - 16*r - 550. Calculate the greatest common factor of 22 and r.
22
Suppose -5*h = -3*v + 23 + 40, -63 = -3*v - h. Let i be 0 + 2 + 0 + -11. Let x = -2 - i. What is the greatest common divisor of v and x?
7
Suppose 86 = 4*t - 3*h, 50 = 3*t - 0*h + 5*h. Suppose -4*m + 8 = 0, t = q + m - 20. What is the greatest common factor of 57 and q?
19
Let v(t) = 816*t**3 - t**2 + 3*t - 3. Let m be v(1). Let c be ((-2)/3)/(m/825 - 1). Calculate the highest common factor of c and 5.
5
Let r = 131 - 211. Let m = 83 + r. Calculate the highest common divisor of m and 3.
3
Suppose a + h + 25 = 6*h, 5*a - 2*h = -10. Suppose 3*i = -a*i + 6. Suppose i*r - n - 6 = 0, -4*r - n + 8 = -2*n. What is the highest common factor of r and 8?
1
Let b be 53/2 + (-30)/(-20). Let z = 32 + 11. Suppose -4*h + 77 + z = 2*j, -2*h + 130 = 2*j. What is the highest common factor of j and b?
14
Let n be (2/6)/(63/945). Calculate the highest common divisor of n and 5.
5
Let f(v) = 5*v**2 - v + 2. Let l be f(2). Suppose 5*r = 22*r - 867. Suppose 60*y - r*y - 270 = 0. What is the greatest common factor of l and y?
10
Let z(n) = -n**3 + 24*n**2 + 8*n - 136. Let u be z(24). Calculate the highest common divisor of u and 28.
28
Let n(b) be the third derivative of -b**4/12 + b**3 + 5*b**2. Let t be n(0). Suppose 17 = f + t. Calculate the greatest common factor of f and 66.
11
Let w be (-4 - 44/(-12))*0. Suppose w*f = f - 3. Suppose -f*h + 4*s + 17 = 0, 29 = 3*h + 2*s - 3*s. Calculate the greatest common divisor of h and 11.
11
Suppose 0 = 4*d + 2*d - 180. What is the greatest common factor of 50 and d?
10
Let h